{"id":2225,"date":"2016-11-14T01:01:01","date_gmt":"2016-11-14T01:01:01","guid":{"rendered":"http:\/\/www.forum-coimbra.com\/events\/no-forum-coimbra-o-natal-brilha-mais-forte\/"},"modified":"2016-11-14T01:01:01","modified_gmt":"2016-11-14T01:01:01","slug":"no-forum-coimbra-o-natal-brilha-mais-forte","status":"publish","type":"events","link":"https:\/\/forumcoimbra.korcreatives.pt\/en\/events\/no-forum-coimbra-o-natal-brilha-mais-forte\/","title":{"rendered":"No Forum Coimbra o natal brilha mais forte"},"content":{"rendered":"<p style=\"text-align: center;\"> \t<span style=\"font-size:14px;\"><strong>No Forum Coimbra o Natal brilha mais forte.<\/strong><\/span><\/p>\n<p style=\"text-align: center;\"> \t&nbsp;<\/p>\n<p> \t<strong>Vem conversar com o Pai Natal<\/strong><\/p>\n<p> \tO Pai Natal vai estar \u00e0 tua espera no seu trono, acompanhado pela M\u00e3e Natal, para te oferecer o livro do Gui. Aproveita para lhe entregares a tua carta e registares estes momentos especiais em fotografia.<\/p>\n<p> \t<strong>Gui &#8211; Uma aventura com muitas p\u00e1ginas<\/strong><\/p>\n<p> \tEste ano celebramos a 10\u00aa edi\u00e7\u00e3o do Livro do Gui. Por isso, cri\u00e1mos um espa\u00e7o onde podem ser lidas todas as edi\u00e7\u00f5es anteriores, para conheceres melhor as suas aventuras.<\/p>\n<p> \t<strong>Preparado para voar? &#8211; Viagem Virtual de Bal\u00e3o<\/strong><\/p>\n<p> \tJunto ao trono do Pai Natal, no piso 1, vais encontrar um bal\u00e3o de ar quente muito especial! Ao entrar vais poder descobrir os cen\u00e1rios apresentados no livro do Gui, numa experi\u00eancia 4D inesquec\u00edvel! Grava esta experi\u00eancia numa fotografia e partilha o momento atrav\u00e9s de um Gif Animado.<\/p>\n<p> \t<strong>&nbsp;D\u00e0 a volta ao Natal no Carrossel M\u00e1gico<\/strong><\/p>\n<p> \tNa Pra\u00e7a Terra, piso 1, vais descobrir mais uma anima\u00e7\u00e3o imbat\u00edvel: um carrossel gratuito que te convida a dar uma volta. Ou muitas.<\/p>\n<p> \t&nbsp;<\/p>\n<p style=\"margin-left: 120px;\"> \t<strong>Trono do Pai Natal e Bal\u00e3o M\u00e1gico<\/strong><\/p>\n<p> \tNOVEMBRO &nbsp; &nbsp; &nbsp; &nbsp; &nbsp; &nbsp; &nbsp; &nbsp; &nbsp; &nbsp; &nbsp; &nbsp; &nbsp; &nbsp; &nbsp; &nbsp; &nbsp; &nbsp; &nbsp; &nbsp; &nbsp; &nbsp; &nbsp; &nbsp; &nbsp; &nbsp; &nbsp; &nbsp; &nbsp; &nbsp; &nbsp; &nbsp; &nbsp; &nbsp; DEZEMBRO<\/p>\n<p> \tDe 2\u00aa a 5\u00aa: 15h &#8211; 19H &nbsp; &nbsp; &nbsp; &nbsp; &nbsp; &nbsp; &nbsp; &nbsp; &nbsp; &nbsp; &nbsp; &nbsp; &nbsp; &nbsp; &nbsp; &nbsp; &nbsp; &nbsp; &nbsp; &nbsp; &nbsp; &nbsp; &nbsp; &nbsp; &nbsp; &nbsp; &nbsp;De 2\u00aa a 5\u00aa: 11h &#8211; 13h | 14h &#8211; 19h<\/p>\n<p> \t6\u00aa a domingo: 11h-13h | 14h-19h | 20h-21h &nbsp; &nbsp; &nbsp; &nbsp; &nbsp; &nbsp; &nbsp;6\u00aa a domingo: 11h-13h | 14h-19h | 20h-21h&nbsp;<\/p>\n<p> \t&nbsp;<\/p>\n<p style=\"margin-left: 160px;\"> \t<strong>Carrossel<\/strong><\/p>\n<p> \tNOVEMBRO &nbsp; &nbsp; &nbsp; &nbsp; &nbsp; &nbsp; &nbsp; &nbsp; &nbsp; &nbsp; &nbsp; &nbsp; &nbsp; &nbsp; &nbsp; &nbsp; &nbsp; &nbsp; &nbsp; &nbsp; &nbsp; &nbsp; &nbsp; &nbsp; &nbsp; &nbsp; &nbsp; &nbsp; &nbsp; &nbsp; &nbsp; 1 DEZEMBRO a 8 JANEIRO<\/p>\n<p> \tDe 2\u00aa a 5\u00aa: 14h &#8211; 16h | 17h &#8211; 21H &nbsp; &nbsp; &nbsp; &nbsp; &nbsp; &nbsp; &nbsp; &nbsp; &nbsp; &nbsp; &nbsp; &nbsp; &nbsp; &nbsp;Todos os dias: 12h -13h | 14h &#8211; 19h | 20h &#8211; 21h<\/p>\n<p> \t6\u00aa a domingo: 12h &#8211; 13h | 14h &#8211; 19h | 20h &#8211; 21h<\/p>\n","protected":false},"featured_media":2076,"template":"","class_list":["post-2225","events","type-events","status-publish","has-post-thumbnail","hentry"],"yoast_head":"<!-- This site is optimized with the Yoast SEO plugin v16.0.2 - https:\/\/yoast.com\/wordpress\/plugins\/seo\/ -->\n<meta property=\"og:locale\" content=\"en_US\" \/>\n<meta property=\"og:type\" content=\"article\" \/>\n<meta property=\"og:title\" content=\"No Forum Coimbra o natal brilha mais forte - Forum Coimbra\" \/>\n<meta property=\"og:description\" content=\"No Forum Coimbra o Natal brilha mais forte. &nbsp; Vem conversar com o Pai Natal O Pai Natal vai estar \u00e0 tua espera no seu trono, acompanhado pela M\u00e3e Natal, para te oferecer o livro do Gui. Aproveita para lhe entregares a tua carta e registares estes momentos especiais em fotografia. Gui &#8211; Uma aventura [&hellip;]\" \/>\n<meta property=\"og:url\" content=\"https:\/\/forumcoimbra.korcreatives.pt\/en\/events\/no-forum-coimbra-o-natal-brilha-mais-forte\/\" \/>\n<meta property=\"og:site_name\" content=\"Forum Coimbra\" \/>\n<meta name=\"twitter:card\" content=\"summary_large_image\" \/>\n<meta name=\"twitter:label1\" content=\"Est. reading time\">\n\t<meta name=\"twitter:data1\" content=\"2 minutes\">\n<script type=\"application\/ld+json\" class=\"yoast-schema-graph\">{\"@context\":\"https:\/\/schema.org\",\"@graph\":[{\"@type\":\"WebSite\",\"@id\":\"https:\/\/forumcoimbra.korcreatives.pt\/#website\",\"url\":\"https:\/\/forumcoimbra.korcreatives.pt\/\",\"name\":\"Forum Coimbra\",\"description\":\"\",\"potentialAction\":[{\"@type\":\"SearchAction\",\"target\":\"https:\/\/forumcoimbra.korcreatives.pt\/?s={search_term_string}\",\"query-input\":\"required name=search_term_string\"}],\"inLanguage\":\"en-US\"},{\"@type\":\"ImageObject\",\"@id\":\"https:\/\/forumcoimbra.korcreatives.pt\/en\/events\/no-forum-coimbra-o-natal-brilha-mais-forte\/#primaryimage\",\"inLanguage\":\"en-US\",\"url\":\"https:\/\/forumcoimbra.korcreatives.pt\/wp-content\/uploads\/sites\/13\/events\/noforumcoimbraonatalbrilhamaisforte.png\",\"width\":960,\"height\":550},{\"@type\":\"WebPage\",\"@id\":\"https:\/\/forumcoimbra.korcreatives.pt\/en\/events\/no-forum-coimbra-o-natal-brilha-mais-forte\/#webpage\",\"url\":\"https:\/\/forumcoimbra.korcreatives.pt\/en\/events\/no-forum-coimbra-o-natal-brilha-mais-forte\/\",\"name\":\"No Forum Coimbra o natal brilha mais forte - Forum Coimbra\",\"isPartOf\":{\"@id\":\"https:\/\/forumcoimbra.korcreatives.pt\/#website\"},\"primaryImageOfPage\":{\"@id\":\"https:\/\/forumcoimbra.korcreatives.pt\/en\/events\/no-forum-coimbra-o-natal-brilha-mais-forte\/#primaryimage\"},\"datePublished\":\"2016-11-14T01:01:01+00:00\",\"dateModified\":\"2016-11-14T01:01:01+00:00\",\"breadcrumb\":{\"@id\":\"https:\/\/forumcoimbra.korcreatives.pt\/en\/events\/no-forum-coimbra-o-natal-brilha-mais-forte\/#breadcrumb\"},\"inLanguage\":\"en-US\",\"potentialAction\":[{\"@type\":\"ReadAction\",\"target\":[\"https:\/\/forumcoimbra.korcreatives.pt\/en\/events\/no-forum-coimbra-o-natal-brilha-mais-forte\/\"]}]},{\"@type\":\"BreadcrumbList\",\"@id\":\"https:\/\/forumcoimbra.korcreatives.pt\/en\/events\/no-forum-coimbra-o-natal-brilha-mais-forte\/#breadcrumb\",\"itemListElement\":[{\"@type\":\"ListItem\",\"position\":1,\"item\":{\"@type\":\"WebPage\",\"@id\":\"https:\/\/forumcoimbra.korcreatives.pt\/events\/\",\"url\":\"https:\/\/forumcoimbra.korcreatives.pt\/events\/\",\"name\":\"Events\"}},{\"@type\":\"ListItem\",\"position\":2,\"item\":{\"@type\":\"WebPage\",\"@id\":\"https:\/\/forumcoimbra.korcreatives.pt\/en\/events\/no-forum-coimbra-o-natal-brilha-mais-forte\/\",\"url\":\"https:\/\/forumcoimbra.korcreatives.pt\/en\/events\/no-forum-coimbra-o-natal-brilha-mais-forte\/\",\"name\":\"No Forum Coimbra o natal brilha mais forte\"}}]}]}<\/script>\n<!-- \/ Yoast SEO plugin. -->","_links":{"self":[{"href":"https:\/\/forumcoimbra.korcreatives.pt\/en\/wp-json\/wp\/v2\/events\/2225"}],"collection":[{"href":"https:\/\/forumcoimbra.korcreatives.pt\/en\/wp-json\/wp\/v2\/events"}],"about":[{"href":"https:\/\/forumcoimbra.korcreatives.pt\/en\/wp-json\/wp\/v2\/types\/events"}],"wp:featuredmedia":[{"embeddable":true,"href":"https:\/\/forumcoimbra.korcreatives.pt\/en\/wp-json\/wp\/v2\/media\/2076"}],"wp:attachment":[{"href":"https:\/\/forumcoimbra.korcreatives.pt\/en\/wp-json\/wp\/v2\/media?parent=2225"}],"curies":[{"name":"wp","href":"https:\/\/api.w.org\/{rel}","templated":true}]}}

<p style="text-align: center;"> 	<span style="font-size:14px;"><strong>No Forum Coimbra o Natal brilha mais forte.</strong></span></p>
<p style="text-align: center;"> 	&nbsp;</p>
<p> 	<strong>Vem conversar com o Pai Natal</strong></p>
<p> 	O Pai Natal vai estar à tua espera no seu trono, acompanhado pela Mãe Natal, para te oferecer o livro do Gui. Aproveita para lhe entregares a tua carta e registares estes momentos especiais em fotografia.</p>
<p> 	<strong>Gui &#8211; Uma aventura com muitas páginas</strong></p>
<p> 	Este ano celebramos a 10ª edição do Livro do Gui. Por isso, criámos um espaço onde podem ser lidas todas as edições anteriores, para conheceres melhor as suas aventuras.</p>
<p> 	<strong>Preparado para voar? &#8211; Viagem Virtual de Balão</strong></p>
<p> 	Junto ao trono do Pai Natal, no piso 1, vais encontrar um balão de ar quente muito especial! Ao entrar vais poder descobrir os cenários apresentados no livro do Gui, numa experiência 4D inesquecível! Grava esta experiência numa fotografia e partilha o momento através de um Gif Animado.</p>
<p> 	<strong>&nbsp;Dà a volta ao Natal no Carrossel Mágico</strong></p>
<p> 	Na Praça Terra, piso 1, vais descobrir mais uma animação imbatível: um carrossel gratuito que te convida a dar uma volta. Ou muitas.</p>
<p> 	&nbsp;</p>
<p style="margin-left: 120px;"> 	<strong>Trono do Pai Natal e Balão Mágico</strong></p>
<p> 	NOVEMBRO &nbsp; &nbsp; &nbsp; &nbsp; &nbsp; &nbsp; &nbsp; &nbsp; &nbsp; &nbsp; &nbsp; &nbsp; &nbsp; &nbsp; &nbsp; &nbsp; &nbsp; &nbsp; &nbsp; &nbsp; &nbsp; &nbsp; &nbsp; &nbsp; &nbsp; &nbsp; &nbsp; &nbsp; &nbsp; &nbsp; &nbsp; &nbsp; &nbsp; &nbsp; DEZEMBRO</p>
<p> 	De 2ª a 5ª: 15h &#8211; 19H &nbsp; &nbsp; &nbsp; &nbsp; &nbsp; &nbsp; &nbsp; &nbsp; &nbsp; &nbsp; &nbsp; &nbsp; &nbsp; &nbsp; &nbsp; &nbsp; &nbsp; &nbsp; &nbsp; &nbsp; &nbsp; &nbsp; &nbsp; &nbsp; &nbsp; &nbsp; &nbsp;De 2ª a 5ª: 11h &#8211; 13h | 14h &#8211; 19h</p>
<p> 	6ª a domingo: 11h-13h | 14h-19h | 20h-21h &nbsp; &nbsp; &nbsp; &nbsp; &nbsp; &nbsp; &nbsp;6ª a domingo: 11h-13h | 14h-19h | 20h-21h&nbsp;</p>
<p> 	&nbsp;</p>
<p style="margin-left: 160px;"> 	<strong>Carrossel</strong></p>
<p> 	NOVEMBRO &nbsp; &nbsp; &nbsp; &nbsp; &nbsp; &nbsp; &nbsp; &nbsp; &nbsp; &nbsp; &nbsp; &nbsp; &nbsp; &nbsp; &nbsp; &nbsp; &nbsp; &nbsp; &nbsp; &nbsp; &nbsp; &nbsp; &nbsp; &nbsp; &nbsp; &nbsp; &nbsp; &nbsp; &nbsp; &nbsp; &nbsp; 1 DEZEMBRO a 8 JANEIRO</p>
<p> 	De 2ª a 5ª: 14h &#8211; 16h | 17h &#8211; 21H &nbsp; &nbsp; &nbsp; &nbsp; &nbsp; &nbsp; &nbsp; &nbsp; &nbsp; &nbsp; &nbsp; &nbsp; &nbsp; &nbsp;Todos os dias: 12h -13h | 14h &#8211; 19h | 20h &#8211; 21h</p>
<p> 	6ª a domingo: 12h &#8211; 13h | 14h &#8211; 19h | 20h &#8211; 21h</p>

<!-- This site is optimized with the Yoast SEO plugin v16.0.2 - https://yoast.com/wordpress/plugins/seo/ -->
<meta property="og:locale" content="en_US" />
<meta property="og:type" content="article" />
<meta property="og:title" content="No Forum Coimbra o natal brilha mais forte - Forum Coimbra" />
<meta property="og:description" content="No Forum Coimbra o Natal brilha mais forte. &nbsp; Vem conversar com o Pai Natal O Pai Natal vai estar à tua espera no seu trono, acompanhado pela Mãe Natal, para te oferecer o livro do Gui. Aproveita para lhe entregares a tua carta e registares estes momentos especiais em fotografia. Gui &#8211; Uma aventura [&hellip;]" />
<meta property="og:url" content="https://forumcoimbra.korcreatives.pt/en/events/no-forum-coimbra-o-natal-brilha-mais-forte/" />
<meta property="og:site_name" content="Forum Coimbra" />
<meta name="twitter:card" content="summary_large_image" />
<meta name="twitter:label1" content="Est. reading time">
	<meta name="twitter:data1" content="2 minutes">
<script type="application/ld+json" class="yoast-schema-graph">{"@context":"https://schema.org","@graph":[{"@type":"WebSite","@id":"https://forumcoimbra.korcreatives.pt/#website","url":"https://forumcoimbra.korcreatives.pt/","name":"Forum Coimbra","description":"","potentialAction":[{"@type":"SearchAction","target":"https://forumcoimbra.korcreatives.pt/?s={search_term_string}","query-input":"required name=search_term_string"}],"inLanguage":"en-US"},{"@type":"ImageObject","@id":"https://forumcoimbra.korcreatives.pt/en/events/no-forum-coimbra-o-natal-brilha-mais-forte/#primaryimage","inLanguage":"en-US","url":"https://forumcoimbra.korcreatives.pt/wp-content/uploads/sites/13/events/noforumcoimbraonatalbrilhamaisforte.png","width":960,"height":550},{"@type":"WebPage","@id":"https://forumcoimbra.korcreatives.pt/en/events/no-forum-coimbra-o-natal-brilha-mais-forte/#webpage","url":"https://forumcoimbra.korcreatives.pt/en/events/no-forum-coimbra-o-natal-brilha-mais-forte/","name":"No Forum Coimbra o natal brilha mais forte - Forum Coimbra","isPartOf":{"@id":"https://forumcoimbra.korcreatives.pt/#website"},"primaryImageOfPage":{"@id":"https://forumcoimbra.korcreatives.pt/en/events/no-forum-coimbra-o-natal-brilha-mais-forte/#primaryimage"},"datePublished":"2016-11-14T01:01:01+00:00","dateModified":"2016-11-14T01:01:01+00:00","breadcrumb":{"@id":"https://forumcoimbra.korcreatives.pt/en/events/no-forum-coimbra-o-natal-brilha-mais-forte/#breadcrumb"},"inLanguage":"en-US","potentialAction":[{"@type":"ReadAction","target":["https://forumcoimbra.korcreatives.pt/en/events/no-forum-coimbra-o-natal-brilha-mais-forte/"]}]},{"@type":"BreadcrumbList","@id":"https://forumcoimbra.korcreatives.pt/en/events/no-forum-coimbra-o-natal-brilha-mais-forte/#breadcrumb","itemListElement":[{"@type":"ListItem","position":1,"item":{"@type":"WebPage","@id":"https://forumcoimbra.korcreatives.pt/events/","url":"https://forumcoimbra.korcreatives.pt/events/","name":"Events"}},{"@type":"ListItem","position":2,"item":{"@type":"WebPage","@id":"https://forumcoimbra.korcreatives.pt/en/events/no-forum-coimbra-o-natal-brilha-mais-forte/","url":"https://forumcoimbra.korcreatives.pt/en/events/no-forum-coimbra-o-natal-brilha-mais-forte/","name":"No Forum Coimbra o natal brilha mais forte"}}]}]}</script>
<!-- / Yoast SEO plugin. -->
