{"id":2211,"date":"2014-05-09T01:01:01","date_gmt":"2014-05-09T01:01:01","guid":{"rendered":"http:\/\/www.forum-coimbra.com\/events\/queima-connos-1\/"},"modified":"2014-05-09T01:01:01","modified_gmt":"2014-05-09T01:01:01","slug":"queima-connos-1","status":"publish","type":"events","link":"https:\/\/forumcoimbra.korcreatives.pt\/en\/events\/queima-connos-1\/","title":{"rendered":"Queima Connosco"},"content":{"rendered":"<p> \tDe 9 a 16 de maio vais poder saborear o melhor da festa e aproveitar as nossas ofertas.<\/p>\n<p> \tDiariamente vamos oferecer bilhetes pontuais aos primeiros 30 clientes que apresentem no Balc\u00e3o de Informa\u00e7\u00f5es do Forum Coimbra um tal\u00e3o de refei\u00e7\u00e3o de valor igual ou superior a 6\u20ac, com hora de emiss\u00e3o ap\u00f3s as 20h do pr\u00f3prio dia. Por isso, s\u00f3 tens que jantar&#8230;e queima contigo!<\/p>\n<p> \t&nbsp;<\/p>\n<p> \tConsulte o regulamento:<\/p>\n","protected":false},"featured_media":2148,"template":"","class_list":["post-2211","events","type-events","status-publish","has-post-thumbnail","hentry"],"yoast_head":"<!-- This site is optimized with the Yoast SEO plugin v16.0.2 - https:\/\/yoast.com\/wordpress\/plugins\/seo\/ -->\n<meta property=\"og:locale\" content=\"en_US\" \/>\n<meta property=\"og:type\" content=\"article\" \/>\n<meta property=\"og:title\" content=\"Queima Connosco - Forum Coimbra\" \/>\n<meta property=\"og:description\" content=\"De 9 a 16 de maio vais poder saborear o melhor da festa e aproveitar as nossas ofertas. Diariamente vamos oferecer bilhetes pontuais aos primeiros 30 clientes que apresentem no Balc\u00e3o de Informa\u00e7\u00f5es do Forum Coimbra um tal\u00e3o de refei\u00e7\u00e3o de valor igual ou superior a 6\u20ac, com hora de emiss\u00e3o ap\u00f3s as 20h do [&hellip;]\" \/>\n<meta property=\"og:url\" content=\"https:\/\/forumcoimbra.korcreatives.pt\/en\/events\/queima-connos-1\/\" \/>\n<meta property=\"og:site_name\" content=\"Forum Coimbra\" \/>\n<meta name=\"twitter:card\" content=\"summary_large_image\" \/>\n<script type=\"application\/ld+json\" class=\"yoast-schema-graph\">{\"@context\":\"https:\/\/schema.org\",\"@graph\":[{\"@type\":\"WebSite\",\"@id\":\"https:\/\/forumcoimbra.korcreatives.pt\/#website\",\"url\":\"https:\/\/forumcoimbra.korcreatives.pt\/\",\"name\":\"Forum Coimbra\",\"description\":\"\",\"potentialAction\":[{\"@type\":\"SearchAction\",\"target\":\"https:\/\/forumcoimbra.korcreatives.pt\/?s={search_term_string}\",\"query-input\":\"required name=search_term_string\"}],\"inLanguage\":\"en-US\"},{\"@type\":\"ImageObject\",\"@id\":\"https:\/\/forumcoimbra.korcreatives.pt\/en\/events\/queima-connos-1\/#primaryimage\",\"inLanguage\":\"en-US\",\"url\":\"https:\/\/forumcoimbra.korcreatives.pt\/wp-content\/uploads\/sites\/13\/events\/queimaconnosco.png\",\"width\":960,\"height\":550},{\"@type\":\"WebPage\",\"@id\":\"https:\/\/forumcoimbra.korcreatives.pt\/en\/events\/queima-connos-1\/#webpage\",\"url\":\"https:\/\/forumcoimbra.korcreatives.pt\/en\/events\/queima-connos-1\/\",\"name\":\"Queima Connosco - Forum Coimbra\",\"isPartOf\":{\"@id\":\"https:\/\/forumcoimbra.korcreatives.pt\/#website\"},\"primaryImageOfPage\":{\"@id\":\"https:\/\/forumcoimbra.korcreatives.pt\/en\/events\/queima-connos-1\/#primaryimage\"},\"datePublished\":\"2014-05-09T01:01:01+00:00\",\"dateModified\":\"2014-05-09T01:01:01+00:00\",\"breadcrumb\":{\"@id\":\"https:\/\/forumcoimbra.korcreatives.pt\/en\/events\/queima-connos-1\/#breadcrumb\"},\"inLanguage\":\"en-US\",\"potentialAction\":[{\"@type\":\"ReadAction\",\"target\":[\"https:\/\/forumcoimbra.korcreatives.pt\/en\/events\/queima-connos-1\/\"]}]},{\"@type\":\"BreadcrumbList\",\"@id\":\"https:\/\/forumcoimbra.korcreatives.pt\/en\/events\/queima-connos-1\/#breadcrumb\",\"itemListElement\":[{\"@type\":\"ListItem\",\"position\":1,\"item\":{\"@type\":\"WebPage\",\"@id\":\"https:\/\/forumcoimbra.korcreatives.pt\/events\/\",\"url\":\"https:\/\/forumcoimbra.korcreatives.pt\/events\/\",\"name\":\"Events\"}},{\"@type\":\"ListItem\",\"position\":2,\"item\":{\"@type\":\"WebPage\",\"@id\":\"https:\/\/forumcoimbra.korcreatives.pt\/en\/events\/queima-connos-1\/\",\"url\":\"https:\/\/forumcoimbra.korcreatives.pt\/en\/events\/queima-connos-1\/\",\"name\":\"Queima Connosco\"}}]}]}<\/script>\n<!-- \/ Yoast SEO plugin. -->","_links":{"self":[{"href":"https:\/\/forumcoimbra.korcreatives.pt\/en\/wp-json\/wp\/v2\/events\/2211"}],"collection":[{"href":"https:\/\/forumcoimbra.korcreatives.pt\/en\/wp-json\/wp\/v2\/events"}],"about":[{"href":"https:\/\/forumcoimbra.korcreatives.pt\/en\/wp-json\/wp\/v2\/types\/events"}],"wp:featuredmedia":[{"embeddable":true,"href":"https:\/\/forumcoimbra.korcreatives.pt\/en\/wp-json\/wp\/v2\/media\/2148"}],"wp:attachment":[{"href":"https:\/\/forumcoimbra.korcreatives.pt\/en\/wp-json\/wp\/v2\/media?parent=2211"}],"curies":[{"name":"wp","href":"https:\/\/api.w.org\/{rel}","templated":true}]}}

<p> 	De 9 a 16 de maio vais poder saborear o melhor da festa e aproveitar as nossas ofertas.</p>
<p> 	Diariamente vamos oferecer bilhetes pontuais aos primeiros 30 clientes que apresentem no Balcão de Informações do Forum Coimbra um talão de refeição de valor igual ou superior a 6€, com hora de emissão após as 20h do próprio dia. Por isso, só tens que jantar&#8230;e queima contigo!</p>
<p> 	&nbsp;</p>
<p> 	Consulte o regulamento:</p>

<!-- This site is optimized with the Yoast SEO plugin v16.0.2 - https://yoast.com/wordpress/plugins/seo/ -->
<meta property="og:locale" content="en_US" />
<meta property="og:type" content="article" />
<meta property="og:title" content="Queima Connosco - Forum Coimbra" />
<meta property="og:description" content="De 9 a 16 de maio vais poder saborear o melhor da festa e aproveitar as nossas ofertas. Diariamente vamos oferecer bilhetes pontuais aos primeiros 30 clientes que apresentem no Balcão de Informações do Forum Coimbra um talão de refeição de valor igual ou superior a 6€, com hora de emissão após as 20h do [&hellip;]" />
<meta property="og:url" content="https://forumcoimbra.korcreatives.pt/en/events/queima-connos-1/" />
<meta property="og:site_name" content="Forum Coimbra" />
<meta name="twitter:card" content="summary_large_image" />
<script type="application/ld+json" class="yoast-schema-graph">{"@context":"https://schema.org","@graph":[{"@type":"WebSite","@id":"https://forumcoimbra.korcreatives.pt/#website","url":"https://forumcoimbra.korcreatives.pt/","name":"Forum Coimbra","description":"","potentialAction":[{"@type":"SearchAction","target":"https://forumcoimbra.korcreatives.pt/?s={search_term_string}","query-input":"required name=search_term_string"}],"inLanguage":"en-US"},{"@type":"ImageObject","@id":"https://forumcoimbra.korcreatives.pt/en/events/queima-connos-1/#primaryimage","inLanguage":"en-US","url":"https://forumcoimbra.korcreatives.pt/wp-content/uploads/sites/13/events/queimaconnosco.png","width":960,"height":550},{"@type":"WebPage","@id":"https://forumcoimbra.korcreatives.pt/en/events/queima-connos-1/#webpage","url":"https://forumcoimbra.korcreatives.pt/en/events/queima-connos-1/","name":"Queima Connosco - Forum Coimbra","isPartOf":{"@id":"https://forumcoimbra.korcreatives.pt/#website"},"primaryImageOfPage":{"@id":"https://forumcoimbra.korcreatives.pt/en/events/queima-connos-1/#primaryimage"},"datePublished":"2014-05-09T01:01:01+00:00","dateModified":"2014-05-09T01:01:01+00:00","breadcrumb":{"@id":"https://forumcoimbra.korcreatives.pt/en/events/queima-connos-1/#breadcrumb"},"inLanguage":"en-US","potentialAction":[{"@type":"ReadAction","target":["https://forumcoimbra.korcreatives.pt/en/events/queima-connos-1/"]}]},{"@type":"BreadcrumbList","@id":"https://forumcoimbra.korcreatives.pt/en/events/queima-connos-1/#breadcrumb","itemListElement":[{"@type":"ListItem","position":1,"item":{"@type":"WebPage","@id":"https://forumcoimbra.korcreatives.pt/events/","url":"https://forumcoimbra.korcreatives.pt/events/","name":"Events"}},{"@type":"ListItem","position":2,"item":{"@type":"WebPage","@id":"https://forumcoimbra.korcreatives.pt/en/events/queima-connos-1/","url":"https://forumcoimbra.korcreatives.pt/en/events/queima-connos-1/","name":"Queima Connosco"}}]}]}</script>
<!-- / Yoast SEO plugin. -->
